*g - 3089. Calculate i(113).
-38
Let s(g) = 23*g + 763. Determine s(-36).
-65
Let a(u) = 3*u**2 + 31*u - 2. Determine a(-10).
-12
Let y(q) = 6*q**2 - 32*q - 6. Give y(3).
-48
Let v(k) = -9*k**3 + 2*k**2 + 10*k + 6. Calculate v(-2).
66
Let n(d) = d**3 + 7*d**2 + 6*d - 114. Give n(0).
-114
Let z(n) = 4*n**3 + 139*n**2 + 120*n + 613. Determine z(-34).
1
Let d(a) = -a**3 + 136*a**2 + 275*a + 114. Determine d(138).
-24
Let f(l) = -48*l - 388. Calculate f(-8).
-4
Let i(q) = 1598*q + 26. What is i(0)?
26
Let p(o) = 2*o**3 + 30*o**2 + 29*o + 10. Give p(-14).
-4
Let p(z) = -z**3 - 2*z**2 + 38*z + 122. What is p(-3)?
17
Let t(m) = -8*m**3 + 59*m**2 - 8*m - 15. What is t(7)?
76
Let m(z) = 2*z**2 + 106*z - 1263. Give m(10).
-3
Let d(r) = -r**2 - 102*r - 440. Determine d(-98).
-48
Let j(i) = -i**3 + 12*i**2 - 37*i + 81. Give j(9).
-9
Let n(o) = 2*o**2 + 25*o + 53. Determine n(-14).
95
Let u(w) = -2*w + 104. Give u(16).
72
Let y(d) = 2*d**3 + 16*d**2 + 42*d + 56. Give y(-4).
16
Let b(q) = 477*q - 4944. Determine b(11).
303
Let o(q) = -237*q + 8888. What is o(37)?
119
Let n(q) = 2783*q - 33396. Give n(12).
0
Let m(s) = 3*s**2 - 41*s + 121. Determine m(8).
-15
Let g(l) = -l**3 - 10*l**2 + 36*l - 31. What is g(-13)?
8
Let h(k) = 105*k**2 + 4305*k - 2. Calculate h(-41).
-2
Let g(c) = 2*c**2 - 308*c - 2256. What is g(161)?
-2
Let b(c) = 2*c**2 - 80*c + 659. Calculate b(29).
21
Let h(c) = 16*c - 119. Give h(6).
-23
Let q(r) = -r**3 + 11*r**2 + 144*r + 145. What is q(19)?
-7
Let p(w) = -w**3 + 6*w**2 + 4*w - 46. What is p(3)?
-7
Let p(r) = -23*r + 2166. What is p(67)?
625
Let h(r) = 14*r**2 - 314*r + 8. Determine h(22).
-124
Let f(i) = 29*i + 189. Determine f(-6).
15
Let d(t) = -t**2 - 10*t + 92. What is d(-22)?
-172
Let i(y) = -9*y - 137. Determine i(-25).
88
Let g(i) = i**3 - 9*i**2 + 8*i - 66. Determine g(10).
114
Let d(c) = 85*c + 919. Give d(-11).
-16
Let a(n) = -66*n**2 - 460*n + 16. What is a(-7)?
2
Let w(o) = o**2 + 44*o + 7. What is w(0)?
7
Let j(h) = h**2 - 58*h + 91. Calculate j(58).
91
Let n(p) = p**2 - 9*p - 17. Give n(-11).
203
Let a(g) = -199*g**2 + 804*g - 23. Calculate a(4).
9
Let s(n) = n**3 - 28*n**2 + 27*n + 10. Determine s(27).
10
Let l(h) = -146*h**2 + 412*h - 3. Calculate l(3).
-81
Let t(o) = 61*o - 232. Calculate t(9).
317
Let a(t) = -3*t**3 - 174*t**2 - 181*t - 564. What is a(-57)?
6
Let y(a) = 1263*a - 44204. Give y(35).
1
Let i(j) = 10*j + 194. Calculate i(-13).
64
Let b(z) = -21*z**2 - 67*z - 4. What is b(-4)?
-72
Let m(p) = -2*p**2 + 4*p + 100. Give m(10).
-60
Let t(z) = -z**3 - 80*z**2 - 139*z - 4729. Determine t(-79).
11
Let z(m) = -47*m + 48. Calculate z(5).
-187
Let r(g) = 35*g + 954. What is r(-27)?
9
Let h(r) = -2*r**2 + 4*r - 11. What is h(8)?
-107
Let v(i) = 2*i**3 + 116*i**2 - 123*i - 52. Determine v(-59).
243
Let z(c) = 29*c**2 + 23*c - 10. Calculate z(1).
42
Let g(n) = -n - 220. Determine g(-41).
-179
Let v(q) = q**2 - 2373*q + 72606. What is v(31)?
4
Let q(r) = -r**3 + 41*r**2 - 45*r + 142. Determine q(40).
-58
Let j(t) = 94*t - 458. Determine j(5).
12
Let c(d) = -23*d**2 - 510*d + 507. What is c(1)?
-26
Let z(j) = -12*j**2 - 1517*j - 630. Give z(-126).
0
Let l(u) = 2874*u - 373629. What is l(130)?
-9
Let j(s) = 19*s**2 - 8*s - 72. What is j(-5)?
443
Let w(d) = 5*d - 159. Give w(-21).
-264
Let z(c) = -c**3 + 29*c**2 + 91*c - 16. Give z(32).
-176
Let v(m) = -m**3 - 59*m**2 + 68*m + 584. Determine v(-60).
104
Let j(b) = -b**3 + 31*b**2 + 65*b - 143. Calculate j(33).
-176
Let v(n) = n**3 - 29*n**2 + 12*n + 130. What is v(28)?
-318
Let d(r) = r - 92. Give d(48).
-44
Let u(z) = 118*z + 150. Determine u(-2).
-86
Let b(x) = 5*x**2 - 26*x - 58. Calculate b(9).
113
Let f(r) = -9*r**2 - 354*r - 121. Determine f(-39).
-4
Let j(c) = 5*c**3 + 2*c**2 + 8*c - 2. Give j(5).
713
Let n(p) = -p**3 + 6*p**2 - 4*p + 19. Calculate n(6).
-5
Let l(j) = 2*j**2 - j + 3. Give l(-8).
139
Let g(z) = -z**3 + 435*z**2 - 3832*z - 25. Calculate g(9).
-7
Let v(r) = 337*r + 7071. Determine v(-21).
-6
Let w(v) = -74*v - 655. Calculate w(-9).
11
Let h(j) = 624*j + 2735. What is h(-4)?
239
Let g(c) = -1306*c + 7818. Calculate g(6).
-18
Let g(z) = 5*z**2 - 35*z + 3. What is g(0)?
3
Let a(i) = -i**3 - 4*i**2 - 12*i + 280. Give a(5).
-5
Let j(c) = 752*c - 7524. Determine j(10).
-4
Let y(j) = 776*j - 3083. Determine y(4).
21
Let x(s) = 22*s - 82. Determine x(19).
336
Let g(l) = 21*l**3 - l**2 + 27*l - 30. What is g(1)?
17
Let b(u) = 571*u - 4559. Calculate b(8).
9
Let r(m) = -m**3 + 103*m**2 - 216*m + 33283. Determine r(104).
3
Let a(l) = -l**3 + 3*l**2 + 926*l - 58. What is a(-29)?
0
Let t(f) = f**3 + 16*f**2 + 10*f - 47. Give t(-15).
28
Let g(h) = h**2 + 7*h - 2. Determine g(-5).
-12
Let z(k) = k**3 + 24*k**2 - 49*k + 81. Calculate z(-26).
3
Let z(i) = -i**3 + 53*i**2 + 7*i + 99. Give z(53).
470
Let j(g) = -g**3 - 2*g**2 + 4*g - 155. Calculate j(0).
-155
Let r(i) = -i**2 + 19*i - 6. Calculate r(16).
42
Let v(o) = o**2 + 51*o + 259. Determine v(-8).
-85
Let o(a) = -a**3 + 44*a**2 - 227*a - 129. Determine o(38).
-91
Let g(p) = 74*p - 334. Determine g(4).
-38
Let g(z) = z**2 - 17*z - 140. Give g(0).
-140
Let t(m) = -3*m**3 - 28*m**2 + 41*m + 72. Give t(-11).
226
Let v(z) = z**3 - 52*z**2 - 56*z + 158. Give v(53).
-1
Let y(m) = -230*m + 250. What is y(0)?
250
Let b(z) = -3*z**2 + 42*z - 32. Calculate b(15).
-77
Let b(y) = y**3 + 73*y**2 + 1304*y - 42. Calculate b(-32).
214
Let b(h) = -6*h**2 + 468*h - 457. What is b(77)?
5
Let g(t) = 12*t**2 - 2632*t - 4409. Calculate g(221).
11
Let m(n) = -23*n - 579. What is m(-23)?
-50
Let k(g) = -2*g**2 - 87*g - 926. Calculate k(-22).
20
Let c(l) = -l**2 - 171*l - 48. Give c(0).
-48
Let j(u) = 371*u - 2983. Give j(8).
-15
Let l(n) = 9*n**2 - 160*n + 161. Give l(1).
10
Let o(f) = -f**3 - 19*f**2 + 2*f - 16. Give o(-19).
-54
Let x(q) = 2*q**3 + 21*q**2 + 36*q + 510. Give x(-11).
-7
Let f(l) = -l + 90. What is f(16)?
74
Let s(x) = -x**3 - 37*x**2 + 248*x + 65. Calculate s(6).
5
Let f(o) = -20*o + 544. Determine f(41).
-276
Let y(w) = -5*w**2 - 24*w - 26. Determine y(-2).
2
Let k(f) = -1051*f + 28364. Give k(27).
-13
Let s(v) = 39*v - 546. What is s(14)?
0
Let y(k) = 189*k + 782. What is y(-4)?
26
Let b(c) = c**2 - 12*c - 2260. Give b(54).
8
Let c(o) = 3*o**3 + 8*o**2 - 19*o - 10. What is c(2)?
8
Let l(u) = -1062*u - 13816. What is l(-13)?
-10
Let a(v) = -4769*v + 28611. What is a(6)?
-3
Let j(t) = -17*t - 89. Calculate j(6).
-191
Let p(w) = -50*w**3 + 499*w**2 + 7*w - 10. Give p(10).
-40
Let o(n) = -3863*n + 11583. Calculate o(3).
-6
Let r(a) = -a**3 + 10*a**2 + 6*a + 203. What is r(12)?
-13
Let z(l) = l**3 - 79*l**2 - 592*l - 864. Determine z(86).
-4
Let b(m) = -m**3 - 18*m**2 - 12*m - 181. What is b(-18)?
35
Let b(f) = -21*f + 45. What is b(11)?
-186
Let x(o) = -74*o + 2738. Give x(37).
0
Let w(g) = g - 2. Give w(45).
43
Let u(d) = -2*d**2 + 83*d + 37. What is u(40)?
157
Let u(n) = -3*n**2 - 111*n + 1046. What is u(8)?
-34
Let d(p) = -154*p - 452. What is d(-3)?
10
Let u(d) = -4*d**3 - 28*d**2 - 2*d - 44. Determine u(-5).
-234
Let h(b) = -143*b - 346. What is h(-5)?
369
Let p(m) = -15*m**2 + 80*m + 333. What is p(-4)?
-227
Let w(j) = -j**3 + 16*j**2 - 77*j + 116. What is w(9)?
-10
Let j(n) = -n**3 + 19*n**2 - 12*n - 110. Calculate j(18).
-2
Let n(t) = 119*t + 2017. Give n(-17).
-6
Let x(h) = -15*h + 87. Give x(12).
-93
Let x(y) = -1632*y**2 + 13060*y + 16. What is x(8)?
48
Let u(a) = -a**3 - 50*a**2 - 169*a + 610. Give u(-46).
-80
Let s(x) = 18*x**2 + 6*x + 1. Calculate s(2).
85
Let y(k) = k**3 - 22*k**2 + 15*k + 119. Determine y(21).
-7
Let z(v) = v - 48. Determine z(16).
-32
Let h(y) = y**3 + 56*y**2 + 301*y + 51. What is h(-50)?
1
Let y(x) = x**2 + 30*x - 78. Calculate y(-26).
-182
Let u(a) = 360*a + 3237. Determine u(-9).
-3
Let z(s) = -76*s**3 + 117*s**2 + 119*s + 1. Calculate z(-1).
75
Let w(c) = -378*c - 1512. What is w(-4)?
0
Let s(a) = 101*a - 2770. Give s(27).
-43
Let l(y) = y**2 + 23*y + 103. Determine l(-19).
27
Let f(i) = 5*i**2 - 268*i - 2455. Determine f(-8).
9
Let f(z) = -z**3 + 12*z**2 + 11*z - 144. Calculate f(10).
166
Let l(i) = i**2 + 77*i - 858. Determine l(10).
12
Let c(k) = k**2 - 107*k + 735. Calculate c(6).
129
Let j(o) = -23*o**2 - 115*o + 3. Calculate j(-4).
95
Let d(i) = -i**2 - 39*i + 1811. Give d